pose 5*q = -15, 6*n + q + 8 = n. Is d(n) a multiple of 6?
False
Suppose 3 = 5*i - 17. Let l(f) = -8*f. Let y(r) = -r. Let s(n) = -l(n) + 6*y(n). Is 4 a factor of s(i)?
True
Let p be -1 - (1 + 11 + 0). Let m = -21 - p. Let u = -2 - m. Is u a multiple of 3?
True
Suppose 4*b - 96 = 2*w, w = -b - 3 + 30. Let r = -6 + b. Suppose -4*s = -121 - r. Is s a multiple of 13?
False
Let i(h) = -h + 22. Is 11 a factor of i(0)?
True
Let v be (-1)/(1*1/(-4)). Suppose -4*q + 36 = -v. Is q a multiple of 5?
True
Suppose 0*y - 4*d - 66 = -y, -5*d = -2*y + 144. Is y a multiple of 13?
False
Let z = -35 - -14. Let g = 24 + z. Does 3 divide g?
True
Let k = 11 + -5. Let n be 14/(-3)*(-9)/k. Suppose -4*u - n = -p, -18 - 3 = -3*p - 3*u. Is 7 a factor of p?
True
Suppose n + 594 = -2*n. Is 7 a factor of n/(-14) - (-2)/(-14)?
True
Suppose 45 = -5*q - 5*s, 6*q = 2*q + 4*s - 12. Let o(i) = i**3 + 5*i**2 - 5*i - 2. Let t be o(q). Let b = t - -17. Is 9 a factor of b?
True
Let m(u) = -u**2. Let z be m(0). Suppose -4*q - 4*i = z, 7*i = q + 3*i + 10. Is 122/8 - q/(-8) a multiple of 14?
False
Let z = -101 - -217. Suppose -z = -2*u - n, -6*u - 5*n = -u - 285. Is u a multiple of 15?
False
Let f be 2/(-4)*(0 - 0). Let t = -3 - f. Let m(r) = -r**3 + 2*r**2 + 2*r + 1. Is 20 a factor of m(t)?
True
Let n(p) = 2*p**2. Let b be n(5). Suppose 2*o - 4*w + b = 7*o, 0 = -3*w. Is 4 a factor of o?
False
Suppose 32*l - 11*l = 1449. Does 16 divide l?
False
Let v(k) = -7*k**2 - k - 17. Let x(t) = -15*t**2 - 3*t - 35. Let z(s) = -13*v(s) + 6*x(s). Let i be z(10). Let r = i - 36. Does 15 divide r?
False
Suppose 5*k - 3*v + 363 = 0, v + v - 2 = 0. Let q = k + 118. Is q a multiple of 12?
False
Let a(w) = 2*w**3 + 14*w**2 - 11*w + 6. Let z(o) = -o**3 - o**2 + 1. Let m(h) = -a(h) - 3*z(h). Let y be m(10). Suppose -2*d - y = -11. Is d even?
False
Let s(o) = 2*o + 1. Let n be s(-1). Let a = 10 + n. Does 6 divide a?
False
Suppose c = 1 + 3. Suppose -m - x + 44 = -3, -c*m + 173 = -x. Does 11 divide m?
True
Suppose -170 = -j - 4*j. Let b = j - 24. Is 7 a factor of b?
False
Suppose -2*a + 120 = -2*i - 152, -3*a + 4*i + 404 = 0. Does 28 divide a?
True
Let a be 16 + 1 + (1 - 1). Let n = a + 8. Does 10 divide n?
False
Suppose 5 = 3*l - 1. Let a be 10/25 + l/(-5). Suppose -3*v + 0*v + 72 = a. Is 12 a factor of v?
True
Does 20 divide (-3 + 1)/(((-84)/135)/14)?
False
Let c(x) = -16*x + 1. Let b be -5 + 2 + -1 + 3. Is 6 a factor of c(b)?
False
Suppose -4*k + 166 = -322. Suppose -3*m = 4*q + m - 172, -4*m = -3*q + k. Is q a multiple of 21?
True
Let k(b) = -b**3 + 14*b**2 + 15*b + 4. Let n be k(15). Suppose -h - 3*s = -n*s - 15, 3*s + 15 = 0. Does 10 divide h?
True
Let k be ((-33)/6)/((-1)/2). Let c = k - 7. Let t = 29 - c. Is 11 a factor of t?
False
Let h be 1*((-13)/(-1) + 1). Suppose -x + 0*x = h. Is (1 - x)*(-2)/(-2) a multiple of 6?
False
Let u(r) = r**2 + 12. Is 16 a factor of u(-6)?
True
Let b(a) = -a**3 - 6*a**2 - 3*a - 7. Suppose 0 = -3*f + f. Suppose i - 4*i = 2*d - 3, f = -2*d + 3*i - 27. Is b(d) a multiple of 11?
True
Let i(k) = -k**3 + 15*k - 7. Does 52 divide i(-7)?
False
Let b = 84 - 59. Suppose -i + b = 9. Does 3 divide i?
False
Let m(l) = l**3 + 2*l - 3. Is m(2) a multiple of 2?
False
Suppose 0 = 8*t - 9*t + 24. Let b = 4 + t. Does 14 divide b?
True
Let y = 7 - -22. Let t = y - 16. Is t a multiple of 13?
True
Let l = -121 + 188. Is 20 a factor of l?
False
Is 788/10 + (-4)/(-20) a multiple of 27?
False
Is (-200)/(-11) + (-30)/165 a multiple of 6?
True
Let u = -3 + 8. Let l(d) = 11*d**3 - 19*d**2 - 4*d + 7. Let y(j) = 5*j**3 - 9*j**2 - 2*j + 3. Let h(x) = 4*l(x) - 9*y(x). Does 4 divide h(u)?
False
Suppose l - 2*l = -2. Let x be -2 - (23 + l + -1). Is (-4)/(2*2/x) a multiple of 13?
True
Let l = 74 + -42. Is l a multiple of 16?
True
Suppose 3*q + 5*k = -9, 0 = -4*q - 0*q + 4*k + 20. Suppose d - q*d + 15 = 0. Is 7 a factor of d?
False
Let u be (-2)/(-6) - 20/(-3). Suppose -50 = -u*x + 2*x. Is x a multiple of 5?
True
Let w be (-6)/5*(0 - 10). Suppose -2*n + 5*r + 8 = 0, -6*n + w = -3*n - r. Suppose -n*s + 0*s + 36 = 0. Is s a multiple of 9?
True
Suppose -389 = -5*b - v, 0 = -2*b - v + 110 + 45. Does 26 divide b?
True
Let v = -25 - -72. Does 8 divide v?
False
Let b = -3 + 5. Suppose -5*s = -b*s - 15. Is s a multiple of 4?
False
Suppose 0 = -2*o + 156 + 52. Is 19 a factor of o?
False
Let u(b) = -11*b - 6. Is u(-2) a multiple of 4?
True
Suppose -1 - 4 = 5*a. Is 14 a factor of -3*87/(-9) + a?
True
Let t(f) = -9*f. Is 17 a factor of t(-10)?
False
Does 24 divide 6*3/99 + (-3230)/(-22)?
False
Let q(w) = 2*w**2 + 7*w - 7. Suppose 0 = -b + 4*b + 24. Is q(b) a multiple of 17?
False
Let x be 20/(-1 + -1)*-3. Suppose 30 = 3*p - x. Does 5 divide p?
True
Suppose 0 = 2*u - 5*c - 2, -2*c - c = 0. Let w(m) = -m**2 + 6*m - 7. Let a be w(5). Is 0/u + a + 18 a multiple of 10?
False
Suppose 4*r - 12 = a - 4, 5*r + 3*a + 7 = 0. Let t be (1/(-1) + -2)/r. Let v(h) = -7*h - 1. Does 10 divide v(t)?
True
Let d = -90 + -9. Is 15 a factor of 2 - 5/(15/d)?
False
Let g(k) = -3*k. Suppose 0 = -3*x - 23 - 7. Is 7 a factor of g(x)?
False
Is 219 - 2*(-3)/6 a multiple of 13?
False
Let i(r) = 9*r + 3. Is i(2) a multiple of 11?
False
Let i = -20 + 34. Let a = -1 - i. Is 0 + -4*a/6 a multiple of 10?
True
Suppose 0 = -4*v + 2*v - 6, v = g - 53. Is g a multiple of 25?
True
Let i = -18 - -26. Let k be (i/14)/(2/7). Suppose -2*b - 3*b + 324 = -r, k*r - 312 = -5*b. Does 23 divide b?
False
Let t(b) = b**2 - 4*b + 30. Is 3 a factor of t(9)?
True
Let u = 7 - 4. Suppose 3*o - 92 = -u*l - 26, 0 = -2*o - 4*l + 52. Does 18 divide o?
True
Is 1/(2/30) + 9/(-9) a multiple of 8?
False
Let o be 0*(-2)/12*2. Suppose 4*a + z - 150 = o, 4*a - 43 - 105 = -2*z. Does 19 divide a?
True
Suppose 3750 = 9*b + b. Is 42 a factor of b?
False
Let o = -19 + 68. Let n(w) = -4*w**2 - 3*w - 2. Let l be n(-3). Let k = o + l. Is k a multiple of 10?
True
Suppose u - 2*u + 4*t - 13 = 0, 25 = 3*u + 4*t. Suppose -u*n + 12 + 3 = 0. Suppose 0 = -h + n - 1. Is h a multiple of 4?
True
Let c be -1*3/(-6)*-166. Let p = c + 142. Does 22 divide p?
False
Let h = -5 + 10. Suppose h*n - 139 - 101 = 0. Does 12 divide n?
True
Suppose 3*o = 6*o - 9. Suppose 65 = o*f - 4*g, -1 = f + 4*g + 4. Is 5 a factor of f?
True
Suppose -2*t + 4*m + 24 = t, -2*t - 2*m + 30 = 0. Is 4 a factor of t?
True
Is 20 a factor of (-1 - 12/(-16))*-10*24?
True
Suppose 4*d + 2*d = 900. Is 10 a factor of d?
True
Is 14 a factor of (-2500)/(-26) + (-2)/13?
False
Suppose -3*j + 2*j + 4 = 0. Is j even?
True
Is 10 a factor of (-240)/(-8) - (0 - -2)?
False
Let i be 21 + 4 + -7 - 1. Let q = -1 + i. Is q a multiple of 4?
True
Suppose 0 = -z + 6*z + 10, -z = 5*g - 148. Is 6 a factor of g?
True
Is 3 a factor of (-29 + (-2)/2)/(-29 - -28)?
True
Let r = 1 - 3. Does 10 divide 8 - r - 0/4?
True
Let s be 3/18 + (-37)/6. Does 9 divide -3*2/(s/9)?
True
Let i = 11 - 7. Does 13 divide (i/2)/(6/51)?
False
Let n be 47/5 - 14/35. Suppose 2*k - 4*f = 15 + n, 2*k - 4 = -f. Suppose 0*g + 12 = 3*g, 3*i = k*g + 20. Is 12 a factor of i?
True
Let w = -46 - -59. Is 13 a factor of w?
True
Let j(v) = 23*v**2 + 2*v + 1. Let m be (1 - 2)*-1*-1. Is 4 a factor of j(m)?
False
Let j(u) = 4*u**3 - 2*u**2 - u + 1. Is j(2) a multiple of 20?
False
Suppose -4*y + 123 = -0*y + t, -4*y + 120 = 4*t. Is y a multiple of 14?
False
Suppose 5*i = 2*d + 261, i - 4*d = 8 + 55. Does 18 divide i?
False
Suppose 2*m = -3*t + 4, -2*m + t + 0*t + 4 = 0. Suppose -m = -2*r + 2. Suppose -2 = -w + r. Is 2 a factor of w?
True
Let k = -136 + 192. Suppose 0 = -5*i + 16 - k. Let r = 17 + i. Does 9 divide r?
True
Let o(q) = 4*q**2 - 2*q + 6. Is o(4) a multiple of 11?
False
Let l = -17 - -25. Is 4 a factor of l?
True
Suppose -s = n - 3 + 4, 3*s = 0. Let d be 6/(n + (-1 - -1)). Is 14 a factor of 7*3/((-9)/d)?
True
Suppose 5*s = -18 - 27. Let v = s + 35. Let b = v + 4. Does 15 divide b?
True
Suppose w = 24 - 1. Is w a multiple of 23?
True
Let x(q) be the third derivative of -q**4/24 + 5*q**3/2 - 3*q**2. Suppose -3*v - 1 = -2*f + 15, -5*v = 3*f - 24. Is x(f) a multiple of 4?
False
Let l(x) = x**3 + 12*x**2 + 0*x - 11 + x**2 - 2*x. Is 3 a factor of l(-13)?
True
Let v(x) = -x**3 + 4*x**2 + 5*x + 2. Let m be v(5). Suppose 2*n + 69 = 5*t, -3*n = 2*t + m*n - 16. Is 11 a factor of t?
False
Suppose 3*